Calculate the greatest common divisor of g and p.
8
Suppose 0*r + 37 = w + 5*r, 4 = 2*w - 4*r. Calculate the highest common factor of w and 60.
12
Let b(l) = -4*l - 2. Let v be b(-4). Suppose 10 = 5*q - 3*a, 5 = 4*q - a - 3. Calculate the highest common factor of q and v.
2
Let d(g) = -1 + 4*g**2 + 0*g + 0*g - g. Let x be d(4). Let c be 3/15 - x/(-5). Calculate the greatest common divisor of 18 and c.
6
Suppose 5*c = 3*h - 135, h - c - 163 = -3*h. Suppose -5*d = -10*d + 25. What is the greatest common factor of h and d?
5
Let w = 11 - 16. Let z be (12/10)/(1/w). Let f be 4/6 + (-80)/z. What is the greatest common divisor of f and 42?
14
Let k = -60 - -64. Calculate the greatest common divisor of 60 and k.
4
Let i = 51 - 37. What is the greatest common factor of i and 70?
14
Let h(i) = -i**3 - i**2 + 4*i + 2. Let n be h(-3). Let w = n - 0. Suppose 96 = 2*b + 2*b. What is the highest common factor of w and b?
8
Suppose y - 10 = -2. Calculate the greatest common factor of 1 and y.
1
Let u(c) = -4*c**3 + 2*c**2 + 3*c + 1. Let a be u(-2). Suppose 0 = -2*q - 0*q + 8. Suppose -q*b + a = b. What is the greatest common factor of 7 and b?
7
Suppose 0 = 3*i - 514 - 578. Suppose z + i = 5*z. What is the greatest common factor of 13 and z?
13
Let v be 117/63 - 2/(-14). What is the highest common factor of 3 and v?
1
Let t = -229 + 151. Let g be ((-7)/(-21))/((-2)/t). Calculate the greatest common divisor of g and 104.
13
Let v = 3 - -7. What is the highest common factor of v and 50?
10
Let y = 33 + 7. What is the greatest common divisor of 8 and y?
8
Let j be 20/2 - (-7 - -7). Let z = -11 + 26. Suppose 5*p + r - z - 80 = 0, -2*p - r = -35. Calculate the highest common divisor of j and p.
10
Let j = 21 - 11. Suppose -50 = a - 2*a. Calculate the highest common divisor of a and j.
10
Let v(q) = -q**2 + 7*q - 8. Let d be v(6). Let o be d - -6 - 2 - 6. Let l be 124/2 - o/(-2). What is the greatest common factor of l and 15?
15
Suppose -3*s - s - 2*q = -96, -108 = -4*s + 4*q. Calculate the highest common factor of s and 200.
25
Let y = 0 - -4. Let r = y - 3. Let j be (r + (-1 - -11))/1. Calculate the greatest common divisor of 55 and j.
11
Suppose 5*p - 3 = 2*p. Let w be -2 + (3 + p - 2). Suppose l + l - 10 = w, 3*l = -4*d + 19. What is the greatest common divisor of 11 and d?
1
Let y be ((-92)/10)/(1/(-5)). Suppose 2 = 4*d - y. What is the highest common factor of 6 and d?
6
Suppose -2*o - 200 = -2*x - 0*o, 4*x = 3*o + 399. Suppose 2*j = j - 5*y + 19, 4*j - 3*y = x. What is the greatest common divisor of j and 3?
3
Let s = -180 + 264. Calculate the greatest common factor of s and 12.
12
Let y be 1/(-5) - 221/(-5). Let i(g) = g**3 + 9*g**2 + g + 8. Let u be i(-6). Calculate the highest common factor of u and y.
22
Let y = -26 - -20. Suppose -2*t - 4 = -4*t. Let q be 112/6 - t/y. What is the highest common factor of 76 and q?
19
Let l = 52 + -25. Suppose 4*m = l + 29. Let d be ((-189)/14)/((-1)/m). Calculate the greatest common factor of 21 and d.
21
Let p be 152 + 0 + -1 + 1. Let u = -89 + p. Suppose -3*y + 27 = -4*f, y - 2*f + 7 - 16 = 0. Calculate the greatest common divisor of u and y.
9
Let l(n) = 5*n**3 - 2*n**2 + 2*n - 1. Let t be l(1). Suppose t*y + 4*h - 260 = 0, 3*y - y = -h + 133. What is the highest common divisor of 17 and y?
17
Suppose i + 388 = 3*y, 2*y - i = -4*i + 266. Suppose -2*l - y = -7*l. What is the highest common factor of 65 and l?
13
Let i = 511 + -11. Suppose -3*m + 8*m = 25, -5*v - 4*m + i = 0. What is the greatest common factor of v and 12?
12
Let p(u) = 3*u**2 - 5*u - 3. Let l be p(4). Suppose 19*y - 120 = 7*y. What is the greatest common divisor of y and l?
5
Suppose -4*u - 2*p + 156 = 0, 0 = 2*u + 4*p + 8 - 80. Calculate the highest common factor of 10 and u.
10
Let w be (3/1)/((-3)/(-100)). Suppose -65*x - 100 = -70*x. What is the greatest common divisor of x and w?
20
Let c be (-1)/(-3)*0 + 10. Calculate the greatest common divisor of c and 4.
2
Suppose 30 = 7*h - 2*h. Suppose 0 = 5*l - 236 + 86. What is the highest common factor of h and l?
6
Let u = 185 + -129. Let m be ((-30)/18)/(1/(-3)). Suppose -26 = -3*q + 2*r + 2*r, -m*q + 4*r = -54. Calculate the greatest common divisor of u and q.
14
Let m = 254 - 422. Let t(c) = -4*c - 8. Let w be t(8). Let d = w - m. Calculate the highest common divisor of d and 16.
16
Let z(o) = o + 4. Let j be z(-6). Let g be -1 - j*(0 + 1). Let c be -3 - -3 - -10*g. What is the greatest common divisor of 80 and c?
10
Suppose -28 - 60 = -r. Let l(z) = -7*z**2 - 1 + 2*z**3 + 7*z + z - z**3 + 0*z**2. Let s be l(6). What is the highest common divisor of s and r?
11
Let q = 26 - 11. Calculate the highest common factor of q and 75.
15
Let x be (-15)/12*-4*1. Let q be 1/4 + (-1)/4. Suppose -2*j - 14 + 54 = q. What is the highest common divisor of x and j?
5
Let k = -35 + 37. Let z = 8 - 2. Suppose 5*m + 2*g = 61, -7 - z = -k*m + 3*g. What is the greatest common factor of 88 and m?
11
Suppose -5*n + 648 = -2*t, 0*t = 5*n - t - 644. Calculate the greatest common factor of 32 and n.
32
Let k = 60 + 39. Let w(r) = 3*r - 5. Let x(j) = -1. Let c(o) = w(o) - 2*x(o). Let h be c(4). What is the highest common factor of k and h?
9
Let l be (15/2)/(24/128). Suppose -6*s = -2*s - l. Calculate the highest common factor of 30 and s.
10
Suppose -3*u + 12 = -3. Let r be (-6)/9 + (-34)/(-6). Calculate the greatest common factor of u and r.
5
Let a(k) = -6*k - 6. Let o(s) = -7*s - 5. Let d(b) = 5*a(b) - 4*o(b). Let w be d(-10). What is the greatest common divisor of 40 and w?
10
Suppose -m + 4*s = -4*m + 232, 2*s + 208 = 3*m. Suppose 62 = 3*x + 5*y, -3*x + y + 96 = 22. What is the greatest common divisor of m and x?
24
Suppose -3*q = -5*q + 516. Let a(s) = s + 7. Let j be a(-6). Let y be 2 - q/(j*-3). Calculate the greatest common factor of 11 and y.
11
Let h(m) = m**2 - 21*m + 44. Let w be h(19). Calculate the highest common factor of 9 and w.
3
Let u = 187 + -77. Let b = u + -71. Suppose 5*j - b = -h, -j = -4*h - 5*j + 236. What is the highest common factor of 8 and h?
8
Let f = -3 + 2. Let l be (-5)/(5/(-22)) + f. Calculate the highest common divisor of l and 42.
21
Suppose -a - 2 = -2*a. Let i = 1 + a. Let r be (-5 - -2)/((1/(-5))/1). Calculate the highest common divisor of i and r.
3
Suppose 0 = -4*p + 34 - 10. Suppose -u = -p - 51. Calculate the greatest common factor of 38 and u.
19
Let f = 0 + 16. Let t = 75 + -34. Let z be t - (2 + 0 + -1). What is the greatest common divisor of f and z?
8
Let a(r) = r**2 + 3*r - 4. Let c be a(4). What is the greatest common divisor of c and 32?
8
Suppose 3*h = 16 - 1. Suppose 12 = -3*t, -h*z + 2*z + 16 = -t. Suppose -z*u - y = -0*u - 59, -3*u - 2*y = -48. What is the greatest common divisor of 35 and u?
7
Let b = 140 - 99. What is the highest common factor of 164 and b?
41
Suppose -58 = -5*l + 3*k, -5*k = -l + 8 + 8. What is the highest common divisor of 1 and l?
1
Suppose 39 - 6 = 3*k. What is the greatest common divisor of k and 88?
11
Let g(u) = -2*u + 2. Let c(x) = -x**2 - 6*x + 1. Let b be c(-7). Let v be g(b). Calculate the greatest common factor of 7 and v.
7
Let p be (-9)/(-21) + 72/28. Calculate the highest common factor of 1 and p.
1
Suppose 0 = h - 13 - 9. What is the greatest common factor of h and 154?
22
Let c = 5 - -9. Calculate the greatest common divisor of 70 and c.
14
Let f = -10 + 4. Let n = f - -10. Suppose -4*u + u = -60. Calculate the greatest common factor of u and n.
4
Let n(f) = f. Let i(k) = -k**3 - 7*k**2 - 13*k - 3. Let g(p) = i(p) + 4*n(p). Let c be g(-6). Calculate the highest common factor of c and 120.
15
Let l(n) = 2*n**2 + 7*n + 3. Let h be l(-7). Let g be -1 - -2 - (-3 - -63)/(-5). Calculate the greatest common divisor of g and h.
13
Suppose 76 + 84 = 4*k. What is the greatest common factor of k and 40?
40
Let h(x) = 6*x**2 + 2*x + 1. Let k be h(-1). Suppose 4*y - k - 35 = 0. Calculate the highest common divisor of 10 and y.
10
Let y(p) = p**3 - 12*p**2 + 12*p + 3. Let r be y(11). Suppose -4*t + 162 = -r. Calculate the greatest common factor of 4 and t.
4
Suppose 5 = 3*l + 2. Let s be (3 - l) + (7 - 5). Calculate the greatest common factor of s and 32.
4
Let t be ((-4)/6)/((-6)/27). Suppose 5*m - 12 = t. Suppose -m*o = 4*v - 258, 5*v + o -